1708
What is 111010101011000 (base 2) in base 15?
8d7a
Convert 21405 (base 8) to base 15.
29ca
Convert 338 (base 16) to base 7.
2255
-22112211 (base 3) to base 14
-23b2
Convert 1013231 (base 5) to base 3.
211220012
What is 47 (base 12) in base 14?
3d
-1622 (base 11) to base 15
-93b
-12124 (base 8) to base 2
-1010001010100
Convert -51 (base 13) to base 14.
-4a
Convert 5aa (base 11) to base 16.
2d5
780 (base 9) to base 14
339
What is 321 (base 7) in base 16?
a2
What is -226b (base 14) in base 10?
-5975
-2601 (base 7) to base 6
-4313
Convert -12135 (base 6) to base 11.
-1385
What is -28560 (base 9) in base 3?
-222122000
Convert 1211022001 (base 3) to base 9.
54261
Convert a9b4 (base 13) to base 14.
8886
Convert 3444 (base 8) to base 14.
948
Convert -18238 (base 12) to base 10.
-34892
Convert 3122 (base 10) to base 15.
dd2
What is -6870 (base 13) in base 9?
-22050
8967 (base 11) to base 10
11810
What is -2042332 (base 5) in base 8?
-102454
3639 (base 15) to base 11
8731
10011110001000 (base 2) to base 3
111212211
What is -2155 (base 6) in base 11?
-418
-100101010001 (base 2) to base 5
-34020
-23333 (base 9) to base 2
-11110011011110
Convert 662 (base 15) to base 9.
1872
What is -4667 (base 9) in base 15?
-105d
Convert 1111101100 (base 2) to base 14.
51a
1b9 (base 16) to base 3
121100
121221112 (base 3) to base 9
17845
Convert 3054 (base 14) to base 9.
12348
-1152 (base 7) to base 10
-429
1331 (base 5) to base 15
e6
Convert 4314 (base 6) to base 11.
813
Convert -1100000011100 (base 2) to base 12.
-36a4
Convert -24133 (base 5) to base 7.
-5141
-200402 (base 6) to base 13
-71b7
Convert -1722 (base 9) to base 12.
-918
Convert -211 (base 16) to base 14.
-29b
Convert -22131 (base 6) to base 4.
-300013
What is -20700 (base 8) in base 12?
-5000
128 (base 9) to base 7
212
Convert 910 (base 10) to base 9.
1221
Convert 412 (base 13) to base 8.
1263
Convert 200022 (base 3) to base 10.
494
Convert -1d15 (base 14) to base 8.
-12277
Convert -86b (base 13) to base 6.
-10401
What is 1010000101 (base 2) in base 16?
285
What is 88 (base 16) in base 14?
9a
Convert -96 (base 15) to base 5.
-1031
What is 2c0 (base 14) in base 2?
1000110000
-110002010 (base 3) to base 4
-2021211
What is 2553 (base 7) in base 8?
1711
What is -2332 (base 10) in base 2?
-100100011100
What is 28b6 (base 12) in base 13?
2211
What is 7250 (base 8) in base 10?
3752
112 (base 10) to base 16
70
What is -3416 (base 8) in base 11?
-13a2
-3149 (base 11) to base 9
-5640
Convert 813 (base 16) to base 2.
100000010011
61a92 (base 11) to base 13
32258
What is 16426 (base 7) in base 2?
1001001000011
What is -549 (base 16) in base 3?
-1212010
-1474 (base 11) to base 6
-12440
Convert 101100101100100 (base 2) to base 16.
5964
-343 (base 7) to base 16
-b2
-6002 (base 11) to base 12
-4758
What is 497 (base 14) in base 4?
32111
-120 (base 7) to base 13
-4b
-111011010011010 (base 2) to base 14
-b0ca
-9855 (base 10) to base 3
-111112000
What is 1201 (base 5) in base 6?
452
1002000 (base 3) to base 10
783
-222440 (base 5) to base 4
-1322332
1b74 (base 16) to base 2
1101101110100
110110100010110 (base 2) to base 15
841b
3031211 (base 4) to base 13
5cb1
49 (base 14) to base 4
1001
Convert 2c1a (base 13) to base 12.
3891
14151 (base 14) to base 3
2112010020
22003330 (base 4) to base 2
1010000011111100
-2223000 (base 4) to base 2
-10101011000000
-32001 (base 4) to base 7
-2421
Convert 37853 (base 10) to base 9.
56828
Convert 132131 (base 4) to base 12.
1165
-13124 (base 5) to base 6
-4451
What is 1663 (base 7) in base 16?
2aa
Convert -51777 (base 8) to base 2.
-101001111111111
Convert -120222 (base 5) to base 6.
-32313
Convert -371 (base 12) to base 7.
-1336
Convert 201120 (base 3) to base 13.
318
Convert 3320222 (base 5) to base 15.
120c7
Convert 110011000 (base 2) to base 4.
12120
What is -107 (base 8) in base 4?
-1013
What is 2174 (base 13) in base 16?
1232
Convert -3315 (base 6) to base 12.
-53b
2448 (base 13) to base 14
1c26
265 (base 7) to base 8
221
Convert bb5 (base 13) to base 3.
2202100
Convert -50bb (base 14) to base 4.
-3120331
475 (base 11) to base 6
2342
What is 13655 (base 9) in base 3?
110201212
What is -1869 (base 14) in base 16?
-1135
-c78 (base 13) to base 5
-32002
-221302 (base 4) to base 15
-bd4
What is 20132 (base 4) in base 2?
1000011110
Convert -10532 (base 8) to base 14.
-1894
2221231 (base 4) to base 16
2a6d
Convert -3020 (base 10) to base 11.
-22a6
Convert -21231 (base 6) to base 7.
-11311
Convert -1010100101 (base 2) to base 4.
-22211
-276 (base 8) to base 3
-21001
What is -11968 (base 10) in base 2?
-10111011000000
-3204201 (base 5) to base 9
-81560
141243 (base 5) to base 7
22656
What is 2112021 (base 3) in base 12?
1097
Convert -32ab (base 16) to base 5.
-403341
What is 2ea (base 15) in base 9?
824
-3e5 (base 16) to base 7
-2623
What is 353533 (base 7) in base 10?
63724
110111111 (base 2) to base 9
546
-11100011011 (base 2) to base 9
-2441
-27692 (base 12) to base 4
-31110032
What is 15611 (base 7) in base 10?
4418
Convert 1100010101 (base 2) to base 12.
559
What is -115206 (base 7) in base 14?
-793d
-11001110 (base 2) to base 13
-12b
What is 188 (base 14) in base 15?
161
20022 (base 3) to base 2
10101010
Convert -1100100011 (base 2) to base 5.
-11203
What is 10a24 (base 12) in base 8?
53274
-314 (base 9) to base 13
-169
17708 (base 9) to base 7
50453
Convert 436 (base 7) to base 3.
22021
What is 528 (base 9) in base 8?
657
-5431 (base 7) to base 12
-1151
-163 (base 14) to base 5
-2113
What is 242121 (base 5) in base 6?
105500
Convert -7707 (base 11) to base 4.
-2132323
110010111101 (base 2) to base 15
e76
What is -1531 (base 6) in base 16?
-19f
What is 30335 (base 6) in base 12?
23ab
What is c03 (base 15) in base 8?
5217
-1315 (base 6) to base 15
-175
3526 (base 9) to base 10
2616
Convert -225 (base 10) to base 12.
-169
What is -14141 (base 5) in base 15?
-531
What is -202 (base 16) in base 12?
-36a
-33120 (base 4) to base 11
-815
Convert 475 (base 11) to base 10.
566
What is 14332 (base 5) in base 3?
1200002
Convert 1b8 (base 13) to base 9.
385
Convert 8445 (base 12) to base 6.
150525
-3d (base 14) to base 3
-2001
-258 (base 13) to base 8
-633
What is -103 (base 14) in base 3?
-21101
Convert -2121000 (base 3) to base 5.
-30030
-110202 (base 4) to base 12
-916
Convert -14446 (base 7) to base 8.
-7643
Convert 1c0 (base 14) to base 7.
1030
Convert 22120120 (base 4) to base 11.
29a45
-434 (base 14) to base 9
-1122
-4212 (base 9) to base 2
-110000010001
a0a7 (base 11) to base 7
54101
Convert -12302210 (base 4) to base 16.
-6ca4
What is -d35 (base 16) in base 9?
-4566
What is 5262 (base 10) in base 9?
7186
What is 3330 (base 7) in base 6?
5313
What is 1414301 (base 5) in base 16?
728e
Convert -a13 (base 13) to base 12.
-ba2
What is -1231 (base 8) in base 5?
-10130
Convert 79 (base 10) to base 9.
87
What is -15d (base 15) in base 2?
-100111001
What is -7c2b (base 13) in base 9?
-25832
-1bc3 (base 13) to base 15
-13b0
What is -fbe (base 16) in base 9?
-5467
What is -33145 (base 10) in base 16?
-8179
Convert 10000121 (base 3) to base 4.
202123
What is 12093 (base 13) in base 5?
2024300
-425 (base 12) to base 14
-313
Convert 361 (base 11) to base 15.
1da
What is -130223 (base 6) in base 11?
-8913
Convert 175 (base 15) to base 16.
14f
Convert -88 (base 11) to base 12.
-80
Convert -20211220 (base 3) to base 14.
-1b68
What is 541 (base 7) in base 16?
112
Convert -117711 (base 8) to base 10.
-40905
4971 (base 10) to base 13
2355
-10121 (base 5) to base 15
-2e1
What is -295d (base 14) in base 6?
-53543
What is 2440 (base 9) in base 15?
813
What is 9211 (base 10) in base 8?
21773
What is 981 (base 15) in base 16?
862
-658c (base 15) to base 13
-9a35
What is 2858 (base 14) in base 4?
1233132
Convert -4ba5 (base 12) to base 7.
-34064
What is 1203 (base 4) in base 14?
71
What is -12190 (base 12) in base 10?
-24444
Convert 21 (base 5) to base 6.
15
What is 14825 (base 10) in base 5?
433300
545 (base 8) to base 9
436
Convert -34232 (base 6) to base 2.
-1001011101100
222a (base 13) to base 14
1a48
-372 (base 8) to base 6
-1054
3600 (base 7) to base 10
1323
What is -43087 (base 11) in base 14?
-18b92
Convert 10321 (base 5) to base 11.
597
What is 111255 (base 6) in base 7?
36251
Convert 202 (base 5) to